{"type":"video","version":"1.0","provider_name":"Network.hu","provider_url":"http:\/\/network.hu\/","title":"Vatik\u00e1ni m\u00fazeumok \u00faj l\u00e1tnival\u00f3ja","author_name":"huszaknevighgabriella","author_url":"http:\/\/network.hu\/huszaknevighgabriella","html":"&lt;object width=&quot;424&quot; height=&quot;345&quot;&gt;&lt;param name=&quot;movie&quot; value=&quot;http:\/\/orokvaros.network.hu\/flash\/videoplayer\/video.swf?videoid=599062&amp;amp;pvol=40&amp;amp;plang=hu&amp;amp;host=http:\/\/orokvaros.network.hu&quot; \/&gt;&lt;param name=&quot;allowscriptaccess&quot; value=&quot;always&quot; \/&gt;&lt;param name=&quot;allowfullscreen&quot; value=&quot;true&quot; \/&gt;&lt;embed src=&quot;http:\/\/orokvaros.network.hu\/flash\/videoplayer\/video.swf?videoid=599062&amp;amp;pvol=40&amp;amp;plang=hu&amp;amp;host=http:\/\/orokvaros.network.hu&quot; width=&quot;424&quot; height=&quot;345&quot; allowscriptaccess=&quot;always&quot; allowfullscreen=&quot;true&quot; \/&gt;&lt;\/object&gt;","width":424,"height":345,"description":"Sala degli Indirizzi _ \u00dczenetek terme megnyit\u00e1sa a Vatik\u00e1ni m\u00fazeumokban\n\u00c9vekkel ezel\u0151tt itt rakt\u00e1rozt\u00e1k el az \u00fczeneteket, s innen van a neve is. Aj\u00e1nd\u00e9kok \u00e9s vend\u00e9gk\u00e1rty\u00e1k tan\u00faskodnak arr\u00f3l, hogy az \u00e1llamf\u0151k \u00e9s a m\u00e9lt\u00f3s\u00e1gok miket adtak a p\u00e1p\u00e1knak. Az \u00e9rmekt\u0151l az okleveleken kereszt\u00fcl minden megtal\u00e1lhat\u00f3 itt, ez a terem jelen\u00edti meg legink\u00e1bb a Vatik\u00e1n diplom\u00e1ciai kiterjedetts\u00e9g\u00e9t, \u00e9s kapcsolatrendszer\u00e9t.\nA terem tartalmazza a Vatik\u00e1ni k\u00f6nyvt\u00e1r\u00e1nak egy r\u00e9sz\u00e9t, itt tal\u00e1lhat\u00f3k az \u00e9vsz\u00e1zadokkal ezel\u0151tt d\u00edsz\u00edtett kelyhek, szents\u00e9gtart\u00f3k, egyik legegyedibb darabja a gy\u0171jtem\u00e9nynek az a fesz\u00fclet, amelyet XVI. Lajos kir\u00e1ly szorongatott, mikor a francia forradalom idej\u00e9n a hal\u00e1lba k\u00fcldt\u00e9k.\nEz a terem olyan t\u00e1rgyakat is tartalmaz, mint azok a korabeli botok, amiket VII. Piusz p\u00e1pa s\u00e9t\u00e1i alkalm\u00e1val haszn\u00e1lt.","thumbnail_url":"http:\/\/vds.network.hu\/clubvideo\/5\/9\/9\/_\/599062_77046_2.jpg","thumbnail_width":80,"thumbnail_height":60,"video_id":"599062"}

Vatikáni múzeumok új látnivalója

Sala degli Indirizzi _ Üzenetek terme megnyitása a Vatikáni múzeumokban
Évekkel ezelőtt itt raktározták el az üzeneteket, s innen van a neve is. Ajándékok és vendégkártyák tanúskodnak arról, hogy az államfők és a méltóságok miket adtak a pápáknak. Az érmektől az okleveleken keresztül minden megtalálható itt, ez a terem jeleníti meg leginkább a Vatikán diplomáciai kiterjedettségét, és kapcsolatrendszerét.
A terem tartalmazza a Vatikáni könyvtárának egy részét, itt találhatók az évszázadokkal ezelőtt díszített kelyhek, szentségtartók, egyik legegyedibb darabja a gyűjteménynek az a feszület, amelyet XVI. Lajos király szorongatott, mikor a francia forradalom idején a halálba küldték.
Ez a terem olyan tárgyakat is tartalmaz, mint azok a korabeli botok, amiket VII. Piusz pápa sétái alkalmával használt.
